{"id":280,"date":"2014-11-18T20:56:31","date_gmt":"2014-11-18T19:56:31","guid":{"rendered":"http:\/\/www.pollensahotels.com\/?page_id=280"},"modified":"2014-11-18T21:02:01","modified_gmt":"2014-11-18T20:02:01","slug":"entorn-activitats","status":"publish","type":"page","link":"https:\/\/www.pollensahotels.com\/ca\/entorn-activitats\/","title":{"rendered":"Entorn i activitats"},"content":{"rendered":"<h3>Cultura<\/h3>\n<p><img loading=\"lazy\" decoding=\"async\" src=\"http:\/\/www.pollensahotels.com\/wp-content\/uploads\/2014\/10\/foto-cultura.jpg\" alt=\"Cultura Pollen\u00e7a: Festival de M\u00fasica de Pollen\u00e7a\" width=\"400\" height=\"300\" class=\"alignright size-full wp-image-92\" srcset=\"https:\/\/www.pollensahotels.com\/wp-content\/uploads\/2014\/10\/foto-cultura.jpg 400w, https:\/\/www.pollensahotels.com\/wp-content\/uploads\/2014\/10\/foto-cultura-300x225.jpg 300w\" sizes=\"auto, (max-width: 400px) 100vw, 400px\" \/><\/p>\n<p>La traject\u00f2ria cultural del poble de Pollen\u00e7a es veu reflexada en la gran quantitat d&#8217;actes que s&#8217;ofereixen al llarg de l&#8217;any. El m\u00e9s important \u00e9s sens dubte el <a href=\"http:\/\/www.festivalpollenca.com\/\">Festival de Pollen\u00e7a<\/a>, que reuneix any rere any a gran quantitat d&#8217;artistes de m\u00fasica cl\u00e0ssica i popular, els quals ofereixen els seus concerts en el marc incomparable del Claustre de Sant Domingo. Molts d&#8217;aquests m\u00fasics i artistes del festival escullen l&#8217;Hotel Juma per la seva est\u00e0ncia a Pollen\u00e7a.<\/p>\n<p>Galeries d&#8217;art, concerts, confer\u00e8ncies, cultura popular, cursos, exposicions, teatre,&#8230; totes aquestes activitats completen l&#8217;agenda cultural de la vila.<\/p>\n<h3>L&#8217;entorn<\/h3>\n<p><img loading=\"lazy\" decoding=\"async\" src=\"http:\/\/www.pollensahotels.com\/wp-content\/uploads\/2014\/10\/foto-entorn.jpg\" alt=\"Nord de Mallorca\" width=\"400\" height=\"300\" class=\"alignright size-full wp-image-93\" srcset=\"https:\/\/www.pollensahotels.com\/wp-content\/uploads\/2014\/10\/foto-entorn.jpg 400w, https:\/\/www.pollensahotels.com\/wp-content\/uploads\/2014\/10\/foto-entorn-300x225.jpg 300w\" sizes=\"auto, (max-width: 400px) 100vw, 400px\" \/><\/p>\n<p>El Nord de Mallorca \u00e9s un dels paratges m\u00e9s atractius del Mediterrani. Situada a un extrem de la Serra de Tramontana, Pollen\u00e7a destaca per la bellesa del poble i l&#8217;hospitalitat de la seva gent. Perdre&#8217;s pels carrers, gaudir de la pla\u00e7a, aprofitar l&#8217;oferta cultural i festiva i visitar el mercat setmanal s\u00f3n varies de les activitats que podr\u00e0 realitzar durant la seva estada.<\/p>\n<p>A Pollen\u00e7a podr\u00e0 disfrutar de tranquil\u00b7les platges i agrestes cales, d&#8217;excursions a muntanyes i valls, de passejades en bicicleta i, en definitiva, d&#8217;una oferta que combina l&#8217;oci amb el respecte a la natura i l&#8217;entorn.<\/p>\n<h3>Fires i esdeveniments<\/h3>\n<p><img loading=\"lazy\" decoding=\"async\" src=\"http:\/\/www.pollensahotels.com\/wp-content\/uploads\/2014\/10\/foto-fires.jpg\" alt=\"Fires a Pollen\u00e7a\" width=\"400\" height=\"300\" class=\"alignright size-full wp-image-94\" srcset=\"https:\/\/www.pollensahotels.com\/wp-content\/uploads\/2014\/10\/foto-fires.jpg 400w, https:\/\/www.pollensahotels.com\/wp-content\/uploads\/2014\/10\/foto-fires-300x225.jpg 300w\" sizes=\"auto, (max-width: 400px) 100vw, 400px\" \/><\/p>\n<p>La tradicional fira d&#8217;artessania de Pollen\u00e7a ha aconseguit convertir-se amb els anys en un referent a l&#8217;Illa. Se celebra el segon diumenge de novembre. Els artesans, agricultors i comerciants omplen els carrers del poble en un festiu ambient de tardor.<\/p>\n<p>En els \u00faltims anys ha pres for\u00e7a la fira del vi, que se celebra a la primavera, i durant la qual hi acudeixen les millors bodegues de les Illes per donar a con\u00e8ixer el seu producte.<\/p>\n<h3>Festes<\/h3>\n<p><img loading=\"lazy\" decoding=\"async\" src=\"http:\/\/www.pollensahotels.com\/wp-content\/uploads\/2014\/10\/foto-festes.jpg\" alt=\"Festes de Pollen\u00e7a\" width=\"400\" height=\"300\" class=\"alignright size-full wp-image-95\" srcset=\"https:\/\/www.pollensahotels.com\/wp-content\/uploads\/2014\/10\/foto-festes.jpg 400w, https:\/\/www.pollensahotels.com\/wp-content\/uploads\/2014\/10\/foto-festes-300x225.jpg 300w\" sizes=\"auto, (max-width: 400px) 100vw, 400px\" \/><\/p>\n<p>La gent de Pollen\u00e7a sap combinar a la perfecci\u00f3 els moments de feina amb els d&#8217;oci. Bona prova d&#8217;aix\u00f2 s\u00f3n les festes que se celebren en diferents \u00e8poques de l&#8217;any.<\/p>\n<p>Destaquen a l&#8217;hivern les festes de Sant Antoni, el 17 de gener, festivitat molt arraigada a tota l&#8217;Illa, i que a Pollen\u00e7a t\u00e9 l&#8217;atractiu singular de la pujada del &#8220;Pi de Sant Antoni&#8221; per part dels joves del poble. Tot i que, si hi ha una festa per la qu\u00e8 Pollen\u00e7a \u00e9s famosa aquesta \u00e9s la de la patrona, la &#8220;Mare de D\u00e9u dels \u00c0ngels&#8221;. Comen\u00e7a el 26 de juliol i acaba el 2 d&#8217;agost, amb el ball dels &#8220;Cossiers&#8221; i l&#8217;espectacular &#8220;Simulacre de Moros i Cristians&#8221; com a colof\u00f3.<\/p>\n<p>Una altra setmana de gran import\u00e0ncia \u00e9s la Setmana Santa. El Divendres Sant la process\u00f3 de penitents davalla l&#8217;escalonada del Calvari. Aques \u00e9s un dels esdeveniments m\u00e9s visitats de l&#8217;any.<\/p>\n","protected":false},"excerpt":{"rendered":"<p>Cultura La traject\u00f2ria cultural del poble de Pollen\u00e7a es veu reflexada en la gran quantitat d&#8217;actes que s&#8217;ofereixen al llarg de l&#8217;any. El m\u00e9s important \u00e9s sens dubte el Festival de Pollen\u00e7a, que reuneix any rere any a gran quantitat d&#8217;artistes de m\u00fasica cl\u00e0ssica i popular, els quals ofereixen els seus concerts en el marc [&hellip;]<\/p>\n","protected":false},"author":1,"featured_media":0,"parent":0,"menu_order":0,"comment_status":"closed","ping_status":"closed","template":"","meta":{"footnotes":""},"class_list":["post-280","page","type-page","status-publish","hentry"],"_links":{"self":[{"href":"https:\/\/www.pollensahotels.com\/ca\/wp-json\/wp\/v2\/pages\/280\/"}],"collection":[{"href":"https:\/\/www.pollensahotels.com\/ca\/wp-json\/wp\/v2\/pages\/"}],"about":[{"href":"https:\/\/www.pollensahotels.com\/ca\/wp-json\/wp\/v2\/types\/page\/"}],"author":[{"embeddable":true,"href":"https:\/\/www.pollensahotels.com\/ca\/wp-json\/wp\/v2\/users\/1\/"}],"replies":[{"embeddable":true,"href":"https:\/\/www.pollensahotels.com\/ca\/wp-json\/wp\/v2\/comments\/?post=280"}],"version-history":[{"count":0,"href":"https:\/\/www.pollensahotels.com\/ca\/wp-json\/wp\/v2\/pages\/280\/revisions\/"}],"wp:attachment":[{"href":"https:\/\/www.pollensahotels.com\/ca\/wp-json\/wp\/v2\/media\/?parent=280"}],"curies":[{"name":"wp","href":"https:\/\/api.w.org\/{rel}","templated":true}]}}

<h3>Cultura</h3>
<p><img loading="lazy" decoding="async" src="http://www.pollensahotels.com/wp-content/uploads/2014/10/foto-cultura.jpg" alt="Cultura Pollença: Festival de Música de Pollença" width="400" height="300" class="alignright size-full wp-image-92" srcset="https://www.pollensahotels.com/wp-content/uploads/2014/10/foto-cultura.jpg 400w, https://www.pollensahotels.com/wp-content/uploads/2014/10/foto-cultura-300x225.jpg 300w" sizes="auto, (max-width: 400px) 100vw, 400px" /></p>
<p>La trajectòria cultural del poble de Pollença es veu reflexada en la gran quantitat d&#8217;actes que s&#8217;ofereixen al llarg de l&#8217;any. El més important és sens dubte el <a href="http://www.festivalpollenca.com/">Festival de Pollença</a>, que reuneix any rere any a gran quantitat d&#8217;artistes de música clàssica i popular, els quals ofereixen els seus concerts en el marc incomparable del Claustre de Sant Domingo. Molts d&#8217;aquests músics i artistes del festival escullen l&#8217;Hotel Juma per la seva estància a Pollença.</p>
<p>Galeries d&#8217;art, concerts, conferències, cultura popular, cursos, exposicions, teatre,&#8230; totes aquestes activitats completen l&#8217;agenda cultural de la vila.</p>
<h3>L&#8217;entorn</h3>
<p><img loading="lazy" decoding="async" src="http://www.pollensahotels.com/wp-content/uploads/2014/10/foto-entorn.jpg" alt="Nord de Mallorca" width="400" height="300" class="alignright size-full wp-image-93" srcset="https://www.pollensahotels.com/wp-content/uploads/2014/10/foto-entorn.jpg 400w, https://www.pollensahotels.com/wp-content/uploads/2014/10/foto-entorn-300x225.jpg 300w" sizes="auto, (max-width: 400px) 100vw, 400px" /></p>
<p>El Nord de Mallorca és un dels paratges més atractius del Mediterrani. Situada a un extrem de la Serra de Tramontana, Pollença destaca per la bellesa del poble i l&#8217;hospitalitat de la seva gent. Perdre&#8217;s pels carrers, gaudir de la plaça, aprofitar l&#8217;oferta cultural i festiva i visitar el mercat setmanal són varies de les activitats que podrà realitzar durant la seva estada.</p>
<p>A Pollença podrà disfrutar de tranquil·les platges i agrestes cales, d&#8217;excursions a muntanyes i valls, de passejades en bicicleta i, en definitiva, d&#8217;una oferta que combina l&#8217;oci amb el respecte a la natura i l&#8217;entorn.</p>
<h3>Fires i esdeveniments</h3>
<p><img loading="lazy" decoding="async" src="http://www.pollensahotels.com/wp-content/uploads/2014/10/foto-fires.jpg" alt="Fires a Pollença" width="400" height="300" class="alignright size-full wp-image-94" srcset="https://www.pollensahotels.com/wp-content/uploads/2014/10/foto-fires.jpg 400w, https://www.pollensahotels.com/wp-content/uploads/2014/10/foto-fires-300x225.jpg 300w" sizes="auto, (max-width: 400px) 100vw, 400px" /></p>
<p>La tradicional fira d&#8217;artessania de Pollença ha aconseguit convertir-se amb els anys en un referent a l&#8217;Illa. Se celebra el segon diumenge de novembre. Els artesans, agricultors i comerciants omplen els carrers del poble en un festiu ambient de tardor.</p>
<p>En els últims anys ha pres força la fira del vi, que se celebra a la primavera, i durant la qual hi acudeixen les millors bodegues de les Illes per donar a conèixer el seu producte.</p>
<h3>Festes</h3>
<p><img loading="lazy" decoding="async" src="http://www.pollensahotels.com/wp-content/uploads/2014/10/foto-festes.jpg" alt="Festes de Pollença" width="400" height="300" class="alignright size-full wp-image-95" srcset="https://www.pollensahotels.com/wp-content/uploads/2014/10/foto-festes.jpg 400w, https://www.pollensahotels.com/wp-content/uploads/2014/10/foto-festes-300x225.jpg 300w" sizes="auto, (max-width: 400px) 100vw, 400px" /></p>
<p>La gent de Pollença sap combinar a la perfecció els moments de feina amb els d&#8217;oci. Bona prova d&#8217;això són les festes que se celebren en diferents èpoques de l&#8217;any.</p>
<p>Destaquen a l&#8217;hivern les festes de Sant Antoni, el 17 de gener, festivitat molt arraigada a tota l&#8217;Illa, i que a Pollença té l&#8217;atractiu singular de la pujada del &#8220;Pi de Sant Antoni&#8221; per part dels joves del poble. Tot i que, si hi ha una festa per la què Pollença és famosa aquesta és la de la patrona, la &#8220;Mare de Déu dels Àngels&#8221;. Comença el 26 de juliol i acaba el 2 d&#8217;agost, amb el ball dels &#8220;Cossiers&#8221; i l&#8217;espectacular &#8220;Simulacre de Moros i Cristians&#8221; com a colofó.</p>
<p>Una altra setmana de gran importància és la Setmana Santa. El Divendres Sant la processó de penitents davalla l&#8217;escalonada del Calvari. Aques és un dels esdeveniments més visitats de l&#8217;any.</p>

<p>Cultura La trajectòria cultural del poble de Pollença es veu reflexada en la gran quantitat d&#8217;actes que s&#8217;ofereixen al llarg de l&#8217;any. El més important és sens dubte el Festival de Pollença, que reuneix any rere any a gran quantitat d&#8217;artistes de música clàssica i popular, els quals ofereixen els seus concerts en el marc [&hellip;]</p>
