{"id":249,"date":"2014-11-15T12:08:04","date_gmt":"2014-11-15T11:08:04","guid":{"rendered":"http:\/\/www.pollensahotels.com\/?page_id=249"},"modified":"2014-11-15T12:08:22","modified_gmt":"2014-11-15T11:08:22","slug":"umgebung-aktivitaten","status":"publish","type":"page","link":"https:\/\/www.pollensahotels.com\/de\/umgebung-aktivitaten\/","title":{"rendered":"Umgebung und Aktivit\u00e4ten"},"content":{"rendered":"<h3>Kultur<\/h3>\n<p><img loading=\"lazy\" decoding=\"async\" src=\"http:\/\/www.pollensahotels.com\/wp-content\/uploads\/2014\/10\/foto-cultura.jpg\" alt=\"Pollensa Kultur: Internationales Musikfestival\" width=\"400\" height=\"300\" class=\"alignright size-full wp-image-92\" srcset=\"https:\/\/www.pollensahotels.com\/wp-content\/uploads\/2014\/10\/foto-cultura.jpg 400w, https:\/\/www.pollensahotels.com\/wp-content\/uploads\/2014\/10\/foto-cultura-300x225.jpg 300w\" sizes=\"auto, (max-width: 400px) 100vw, 400px\" \/><\/p>\n<p>Die kulturelle Tradition Pollensas spiegelt sich in den vielen Aktivit\u00e4ten wider, die im Laufe des Jahres in der Gegend gefeiert werden. Die wichtigste ist ohne Zweifel das <a href=\"http:\/\/www.festivalpollenca.com\">Festival de Pollen\u00e7a<\/a>, das eine Reihe von K\u00fcnstlern anlockt, die die unvergleichbare Kulisse des Klosters Claustre de Sant Domingo mit Melodien aus Pop- und klassischer Musik bereichern.  Viele der an dem Festival beteiligten Musiker und K\u00fcnstler w\u00e4hlen das Hotel Juma f\u00fcr ihren Aufenthalt in Pollensa.<\/p>\n<p>Galerien, Konzerte, Vortr\u00e4ge, Popul\u00e4rkultur, Kurse, Ausstellungen, Theater, alle voll von kulturellen Agenda der Menschen.<\/p>\n<h3>Umgebung<\/h3>\n<p><img loading=\"lazy\" decoding=\"async\" src=\"http:\/\/www.pollensahotels.com\/wp-content\/uploads\/2014\/10\/foto-entorn.jpg\" alt=\"Nord Mallorca\" width=\"400\" height=\"300\" class=\"alignright size-full wp-image-93\" srcset=\"https:\/\/www.pollensahotels.com\/wp-content\/uploads\/2014\/10\/foto-entorn.jpg 400w, https:\/\/www.pollensahotels.com\/wp-content\/uploads\/2014\/10\/foto-entorn-300x225.jpg 300w\" sizes=\"auto, (max-width: 400px) 100vw, 400px\" \/><\/p>\n<p>Der n\u00f6rdliche Teil Mallorcas ist einer der sch\u00f6nsten Flecken des Mittelmeers. An einem Ende der Serra de Tramontana (eine Bergkette, die nach dem Wind, der aus dem Norden Richtung Mittelmeer weht, genannt wird) gelegen, zeichnet sich die Region um Pollensa durch die au\u00dfergew\u00f6hnliche Sch\u00f6nheit ihrer kleinen Stadt und durch die Gastfreundlichkeit ihrer Bewohner aus. W\u00e4hrend Ihres Aufenthalts k\u00f6nnen Sie sich in den kopfsteingepflasterten, engen G\u00e4sschen verlieren, das gro\u00dfe kulturelle Angebot und die bunten Feste genie\u00dfen oder den w\u00f6chentlichen Markt besuchen.<\/p>\n<p>Sie k\u00f6nnen auch die ruhigen Str\u00e4nde, die wilden Buchten, die sch\u00f6nen Berge und T\u00e4ler zu Fu\u00df oder mit dem Fahrrad entdecken oder kurzum: einfach das Beste von einem Gebiet, das man mit Freizeit und Liebe zur Natur verbindet, genie\u00dfen.<\/p>\n<h3>M\u00e4rkte, Messen und andere Aktivit\u00e4ten<\/h3>\n<p><img loading=\"lazy\" decoding=\"async\" src=\"http:\/\/www.pollensahotels.com\/wp-content\/uploads\/2014\/10\/foto-fires.jpg\" alt=\"M\u00e4rkte und Messen\" width=\"400\" height=\"300\" class=\"alignright size-full wp-image-94\" srcset=\"https:\/\/www.pollensahotels.com\/wp-content\/uploads\/2014\/10\/foto-fires.jpg 400w, https:\/\/www.pollensahotels.com\/wp-content\/uploads\/2014\/10\/foto-fires-300x225.jpg 300w\" sizes=\"auto, (max-width: 400px) 100vw, 400px\" \/><\/p>\n<p>In den letzten Jahren hat die j\u00e4hrliche Handwerksmesse in Pollensa sich zu einem Highlight auf der Insel entwickelt. Sie findet am zweiten Sonntag im November statt. Die ganze Stadt voller Handwerker, Bauern und H\u00e4ndler genie\u00dft die festliche Atmosph\u00e4re des Herbstes.<\/p>\n<p>Die Weinmesse, die im Fr\u00fchling stattfindet, hat ebenfalls in den letzten Jahren an Bedeutung gewonnen. Die besten Weing\u00fcter der Insel nehmen an dieser Veranstaltung teil um ihre Produkte einem gr\u00f6\u00dferen Publikum zu pr\u00e4sentieren.<\/p>\n<h3>Feste<\/h3>\n<p><img loading=\"lazy\" decoding=\"async\" src=\"http:\/\/www.pollensahotels.com\/wp-content\/uploads\/2014\/10\/foto-festes.jpg\" alt=\"Feste und Festivals in Pollensa\" width=\"400\" height=\"300\" class=\"alignright size-full wp-image-95\" srcset=\"https:\/\/www.pollensahotels.com\/wp-content\/uploads\/2014\/10\/foto-festes.jpg 400w, https:\/\/www.pollensahotels.com\/wp-content\/uploads\/2014\/10\/foto-festes-300x225.jpg 300w\" sizes=\"auto, (max-width: 400px) 100vw, 400px\" \/><\/p>\n<p>Die Bewohner Pollensas wissen genau wie man Arbeit und Freizeit verbindet. Die verschiedenen Feste, die das ganze Jahr hindurch in dem Ort stattfinden, beweisen dies.<\/p>\n<p>Im Winter, zum Beispiel, feiert Pollensa den Sant Antonis-Tag (17. Januar). Diese Feier hat eine lange Tradition auf der ganzen Insel, aber in Pollensa wird sie um so attraktiver, da die Jugend aus Pollensa dann auf \u201edie Tanne des Heiligen Antonis\u201c klettert.<\/p>\n<p>Die ber\u00fchmtesten Feierlichkeiten bleiben jedoch die, die der Schutzpatronin Pollensas, \u201edie Jungfrau der Engel\u201c, gewidmet sind. Das Fest beginnt am 26. Juli und endet am 2. August mit den T\u00e4nzen der  \u201eCossiers\u201c. Ein spektakul\u00e4rer, gespielter Kampf zwischen den Mauren und den Christen bildet den H\u00f6he- und Schlusspunkt der Feierlichkeiten.<\/p>\n<p>Ostern ist ein weiterer H\u00f6hepunkt in Pollensa. Die Prozession der B\u00fc\u00dfer, die jeden Karfreitag die Stufen des Kalvarienbergs herunterlaufen, ist eines der meistbesuchten Ereignisse des ganzen Jahres.<\/p>\n","protected":false},"excerpt":{"rendered":"<p>Kultur Die kulturelle Tradition Pollensas spiegelt sich in den vielen Aktivit\u00e4ten wider, die im Laufe des Jahres in der Gegend gefeiert werden. Die wichtigste ist ohne Zweifel das Festival de Pollen\u00e7a, das eine Reihe von K\u00fcnstlern anlockt, die die unvergleichbare Kulisse des Klosters Claustre de Sant Domingo mit Melodien aus Pop- und klassischer Musik bereichern. [&hellip;]<\/p>\n","protected":false},"author":1,"featured_media":0,"parent":0,"menu_order":0,"comment_status":"closed","ping_status":"closed","template":"","meta":{"footnotes":""},"class_list":["post-249","page","type-page","status-publish","hentry"],"_links":{"self":[{"href":"https:\/\/www.pollensahotels.com\/de\/wp-json\/wp\/v2\/pages\/249\/"}],"collection":[{"href":"https:\/\/www.pollensahotels.com\/de\/wp-json\/wp\/v2\/pages\/"}],"about":[{"href":"https:\/\/www.pollensahotels.com\/de\/wp-json\/wp\/v2\/types\/page\/"}],"author":[{"embeddable":true,"href":"https:\/\/www.pollensahotels.com\/de\/wp-json\/wp\/v2\/users\/1\/"}],"replies":[{"embeddable":true,"href":"https:\/\/www.pollensahotels.com\/de\/wp-json\/wp\/v2\/comments\/?post=249"}],"version-history":[{"count":0,"href":"https:\/\/www.pollensahotels.com\/de\/wp-json\/wp\/v2\/pages\/249\/revisions\/"}],"wp:attachment":[{"href":"https:\/\/www.pollensahotels.com\/de\/wp-json\/wp\/v2\/media\/?parent=249"}],"curies":[{"name":"wp","href":"https:\/\/api.w.org\/{rel}","templated":true}]}}

Umgebung und Aktivitäten

<h3>Kultur</h3>
<p><img loading="lazy" decoding="async" src="http://www.pollensahotels.com/wp-content/uploads/2014/10/foto-cultura.jpg" alt="Pollensa Kultur: Internationales Musikfestival" width="400" height="300" class="alignright size-full wp-image-92" srcset="https://www.pollensahotels.com/wp-content/uploads/2014/10/foto-cultura.jpg 400w, https://www.pollensahotels.com/wp-content/uploads/2014/10/foto-cultura-300x225.jpg 300w" sizes="auto, (max-width: 400px) 100vw, 400px" /></p>
<p>Die kulturelle Tradition Pollensas spiegelt sich in den vielen Aktivitäten wider, die im Laufe des Jahres in der Gegend gefeiert werden. Die wichtigste ist ohne Zweifel das <a href="http://www.festivalpollenca.com">Festival de Pollença</a>, das eine Reihe von Künstlern anlockt, die die unvergleichbare Kulisse des Klosters Claustre de Sant Domingo mit Melodien aus Pop- und klassischer Musik bereichern.  Viele der an dem Festival beteiligten Musiker und Künstler wählen das Hotel Juma für ihren Aufenthalt in Pollensa.</p>
<p>Galerien, Konzerte, Vorträge, Populärkultur, Kurse, Ausstellungen, Theater, alle voll von kulturellen Agenda der Menschen.</p>
<h3>Umgebung</h3>
<p><img loading="lazy" decoding="async" src="http://www.pollensahotels.com/wp-content/uploads/2014/10/foto-entorn.jpg" alt="Nord Mallorca" width="400" height="300" class="alignright size-full wp-image-93" srcset="https://www.pollensahotels.com/wp-content/uploads/2014/10/foto-entorn.jpg 400w, https://www.pollensahotels.com/wp-content/uploads/2014/10/foto-entorn-300x225.jpg 300w" sizes="auto, (max-width: 400px) 100vw, 400px" /></p>
<p>Der nördliche Teil Mallorcas ist einer der schönsten Flecken des Mittelmeers. An einem Ende der Serra de Tramontana (eine Bergkette, die nach dem Wind, der aus dem Norden Richtung Mittelmeer weht, genannt wird) gelegen, zeichnet sich die Region um Pollensa durch die außergewöhnliche Schönheit ihrer kleinen Stadt und durch die Gastfreundlichkeit ihrer Bewohner aus. Während Ihres Aufenthalts können Sie sich in den kopfsteingepflasterten, engen Gässchen verlieren, das große kulturelle Angebot und die bunten Feste genießen oder den wöchentlichen Markt besuchen.</p>
<p>Sie können auch die ruhigen Strände, die wilden Buchten, die schönen Berge und Täler zu Fuß oder mit dem Fahrrad entdecken oder kurzum: einfach das Beste von einem Gebiet, das man mit Freizeit und Liebe zur Natur verbindet, genießen.</p>
<h3>Märkte, Messen und andere Aktivitäten</h3>
<p><img loading="lazy" decoding="async" src="http://www.pollensahotels.com/wp-content/uploads/2014/10/foto-fires.jpg" alt="Märkte und Messen" width="400" height="300" class="alignright size-full wp-image-94" srcset="https://www.pollensahotels.com/wp-content/uploads/2014/10/foto-fires.jpg 400w, https://www.pollensahotels.com/wp-content/uploads/2014/10/foto-fires-300x225.jpg 300w" sizes="auto, (max-width: 400px) 100vw, 400px" /></p>
<p>In den letzten Jahren hat die jährliche Handwerksmesse in Pollensa sich zu einem Highlight auf der Insel entwickelt. Sie findet am zweiten Sonntag im November statt. Die ganze Stadt voller Handwerker, Bauern und Händler genießt die festliche Atmosphäre des Herbstes.</p>
<p>Die Weinmesse, die im Frühling stattfindet, hat ebenfalls in den letzten Jahren an Bedeutung gewonnen. Die besten Weingüter der Insel nehmen an dieser Veranstaltung teil um ihre Produkte einem größeren Publikum zu präsentieren.</p>
<h3>Feste</h3>
<p><img loading="lazy" decoding="async" src="http://www.pollensahotels.com/wp-content/uploads/2014/10/foto-festes.jpg" alt="Feste und Festivals in Pollensa" width="400" height="300" class="alignright size-full wp-image-95" srcset="https://www.pollensahotels.com/wp-content/uploads/2014/10/foto-festes.jpg 400w, https://www.pollensahotels.com/wp-content/uploads/2014/10/foto-festes-300x225.jpg 300w" sizes="auto, (max-width: 400px) 100vw, 400px" /></p>
<p>Die Bewohner Pollensas wissen genau wie man Arbeit und Freizeit verbindet. Die verschiedenen Feste, die das ganze Jahr hindurch in dem Ort stattfinden, beweisen dies.</p>
<p>Im Winter, zum Beispiel, feiert Pollensa den Sant Antonis-Tag (17. Januar). Diese Feier hat eine lange Tradition auf der ganzen Insel, aber in Pollensa wird sie um so attraktiver, da die Jugend aus Pollensa dann auf „die Tanne des Heiligen Antonis“ klettert.</p>
<p>Die berühmtesten Feierlichkeiten bleiben jedoch die, die der Schutzpatronin Pollensas, „die Jungfrau der Engel“, gewidmet sind. Das Fest beginnt am 26. Juli und endet am 2. August mit den Tänzen der  „Cossiers“. Ein spektakulärer, gespielter Kampf zwischen den Mauren und den Christen bildet den Höhe- und Schlusspunkt der Feierlichkeiten.</p>
<p>Ostern ist ein weiterer Höhepunkt in Pollensa. Die Prozession der Büßer, die jeden Karfreitag die Stufen des Kalvarienbergs herunterlaufen, ist eines der meistbesuchten Ereignisse des ganzen Jahres.</p>

<p>Kultur Die kulturelle Tradition Pollensas spiegelt sich in den vielen Aktivitäten wider, die im Laufe des Jahres in der Gegend gefeiert werden. Die wichtigste ist ohne Zweifel das Festival de Pollença, das eine Reihe von Künstlern anlockt, die die unvergleichbare Kulisse des Klosters Claustre de Sant Domingo mit Melodien aus Pop- und klassischer Musik bereichern. [&hellip;]</p>
