{"id":252,"date":"2014-11-15T12:18:56","date_gmt":"2014-11-15T11:18:56","guid":{"rendered":"http:\/\/www.pollensahotels.com\/?page_id=252"},"modified":"2017-04-27T11:53:11","modified_gmt":"2017-04-27T09:53:11","slug":"restaurant-gr221","status":"publish","type":"page","link":"https:\/\/www.pollensahotels.com\/de\/restaurant-gr221\/","title":{"rendered":"Restaurant und Cafe GR221"},"content":{"rendered":"<p><img loading=\"lazy\" decoding=\"async\" src=\"http:\/\/www.pollensahotels.com\/wp-content\/uploads\/2014\/10\/1907-restaurant-pollenca.jpg\" alt=\"1907 Restaurant Pollen\u00e7a\" width=\"357\" height=\"163\" class=\"alignright size-full wp-image-404\" srcset=\"https:\/\/www.pollensahotels.com\/wp-content\/uploads\/2014\/10\/1907-restaurant-pollenca.jpg 357w, https:\/\/www.pollensahotels.com\/wp-content\/uploads\/2014\/10\/1907-restaurant-pollenca-300x137.jpg 300w\" sizes=\"auto, (max-width: 357px) 100vw, 357px\" \/>In den letzten hundert Jahren haben viele namhafte G\u00e4ste in unserem Hotel \u00fcbernachtet oder sich einfach mit den Einheimischen in unserem beliebten Caf\u00e9 aufgehalten: Tito Cittadini, Dion\u00eds Bennassar, Roch Minu\u00e9, Maria del Mar Bonet, Jordi Savall, Tom\u00e1s Molina, Saenz de Oiza, Vives Llull&#8230;<\/p>\n<p>Dieses Caf\u00e9, dessen Terrasse direkt auf den Hauptplatz geht, ist f\u00fcr Einheimische und Besucher zu einem Symbol der Qualit\u00e4t und des guten Service geworden. Auch Peter Maffay hat Pollensa als seinen Wohnort und den Standort seiner Stiftung (www.petermaffaystiftung.de) gew\u00e4hlt.<\/p>\n<p>Die Stiftung wurde in Pollensa gegr\u00fcndet und setzt sich vor allem daf\u00fcr ein, traumatisierte Kinder und Jugendliche zu unterst\u00fctzen. Maffay kann man oft auf dem Hauptplatz von Pollensa sehen, als w\u00e4re er auch ein Einheimischer.<\/p>\n<div id='gallery-1' class='gallery galleryid-252 gallery-columns-6 gallery-size-thumbnail'><figure class='gallery-item'>\n\t\t\t<div class='gallery-icon landscape'>\n\t\t\t\t<a href='https:\/\/www.pollensahotels.com\/wp-content\/uploads\/2014\/11\/restaurant-gr221_05.jpg'><img loading=\"lazy\" decoding=\"async\" width=\"150\" height=\"150\" src=\"https:\/\/www.pollensahotels.com\/wp-content\/uploads\/2014\/11\/restaurant-gr221_05-150x150.jpg\" class=\"attachment-thumbnail size-thumbnail\" alt=\"\" \/><\/a>\n\t\t\t<\/div><\/figure><figure class='gallery-item'>\n\t\t\t<div class='gallery-icon portrait'>\n\t\t\t\t<a href='https:\/\/www.pollensahotels.com\/wp-content\/uploads\/2014\/11\/restaurant-gr221_04.jpg'><img loading=\"lazy\" decoding=\"async\" width=\"150\" height=\"150\" src=\"https:\/\/www.pollensahotels.com\/wp-content\/uploads\/2014\/11\/restaurant-gr221_04-150x150.jpg\" class=\"attachment-thumbnail size-thumbnail\" alt=\"\" \/><\/a>\n\t\t\t<\/div><\/figure><figure class='gallery-item'>\n\t\t\t<div class='gallery-icon landscape'>\n\t\t\t\t<a href='https:\/\/www.pollensahotels.com\/wp-content\/uploads\/2014\/11\/restaurant-gr221_10.jpg'><img loading=\"lazy\" decoding=\"async\" width=\"150\" height=\"150\" src=\"https:\/\/www.pollensahotels.com\/wp-content\/uploads\/2014\/11\/restaurant-gr221_10-150x150.jpg\" class=\"attachment-thumbnail size-thumbnail\" alt=\"\" \/><\/a>\n\t\t\t<\/div><\/figure><figure class='gallery-item'>\n\t\t\t<div class='gallery-icon landscape'>\n\t\t\t\t<a href='https:\/\/www.pollensahotels.com\/wp-content\/uploads\/2014\/11\/restaurant-gr221_06.jpg'><img loading=\"lazy\" decoding=\"async\" width=\"150\" height=\"150\" src=\"https:\/\/www.pollensahotels.com\/wp-content\/uploads\/2014\/11\/restaurant-gr221_06-150x150.jpg\" class=\"attachment-thumbnail size-thumbnail\" alt=\"\" \/><\/a>\n\t\t\t<\/div><\/figure><figure class='gallery-item'>\n\t\t\t<div class='gallery-icon landscape'>\n\t\t\t\t<a href='https:\/\/www.pollensahotels.com\/wp-content\/uploads\/2014\/11\/restaurant-gr221_07.jpg'><img loading=\"lazy\" decoding=\"async\" width=\"150\" height=\"150\" src=\"https:\/\/www.pollensahotels.com\/wp-content\/uploads\/2014\/11\/restaurant-gr221_07-150x150.jpg\" class=\"attachment-thumbnail size-thumbnail\" alt=\"\" \/><\/a>\n\t\t\t<\/div><\/figure><figure class='gallery-item'>\n\t\t\t<div class='gallery-icon landscape'>\n\t\t\t\t<a href='https:\/\/www.pollensahotels.com\/wp-content\/uploads\/2014\/11\/restaurant-gr221_03.jpg'><img loading=\"lazy\" decoding=\"async\" width=\"150\" height=\"150\" src=\"https:\/\/www.pollensahotels.com\/wp-content\/uploads\/2014\/11\/restaurant-gr221_03-150x150.jpg\" class=\"attachment-thumbnail size-thumbnail\" alt=\"\" \/><\/a>\n\t\t\t<\/div><\/figure><figure class='gallery-item'>\n\t\t\t<div class='gallery-icon landscape'>\n\t\t\t\t<a href='https:\/\/www.pollensahotels.com\/wp-content\/uploads\/2014\/11\/restaurant-gr221_02.jpg'><img loading=\"lazy\" decoding=\"async\" width=\"150\" height=\"150\" src=\"https:\/\/www.pollensahotels.com\/wp-content\/uploads\/2014\/11\/restaurant-gr221_02-150x150.jpg\" class=\"attachment-thumbnail size-thumbnail\" alt=\"\" \/><\/a>\n\t\t\t<\/div><\/figure><figure class='gallery-item'>\n\t\t\t<div class='gallery-icon landscape'>\n\t\t\t\t<a href='https:\/\/www.pollensahotels.com\/wp-content\/uploads\/2014\/11\/restaurant-gr221_01.jpg'><img loading=\"lazy\" decoding=\"async\" width=\"150\" height=\"150\" src=\"https:\/\/www.pollensahotels.com\/wp-content\/uploads\/2014\/11\/restaurant-gr221_01-150x150.jpg\" class=\"attachment-thumbnail size-thumbnail\" alt=\"\" \/><\/a>\n\t\t\t<\/div><\/figure><figure class='gallery-item'>\n\t\t\t<div class='gallery-icon landscape'>\n\t\t\t\t<a href='https:\/\/www.pollensahotels.com\/wp-content\/uploads\/2014\/11\/restaurant-gr221_09.jpg'><img loading=\"lazy\" decoding=\"async\" width=\"150\" height=\"150\" src=\"https:\/\/www.pollensahotels.com\/wp-content\/uploads\/2014\/11\/restaurant-gr221_09-150x150.jpg\" class=\"attachment-thumbnail size-thumbnail\" alt=\"\" \/><\/a>\n\t\t\t<\/div><\/figure><figure class='gallery-item'>\n\t\t\t<div class='gallery-icon portrait'>\n\t\t\t\t<a href='https:\/\/www.pollensahotels.com\/wp-content\/uploads\/2014\/11\/restaurant-gr221_08.jpg'><img loading=\"lazy\" decoding=\"async\" width=\"150\" height=\"150\" src=\"https:\/\/www.pollensahotels.com\/wp-content\/uploads\/2014\/11\/restaurant-gr221_08-150x150.jpg\" class=\"attachment-thumbnail size-thumbnail\" alt=\"\" \/><\/a>\n\t\t\t<\/div><\/figure>\n\t\t<\/div>\n\n","protected":false},"excerpt":{"rendered":"<p>In den letzten hundert Jahren haben viele namhafte G\u00e4ste in unserem Hotel \u00fcbernachtet oder sich einfach mit den Einheimischen in unserem beliebten Caf\u00e9 aufgehalten: Tito Cittadini, Dion\u00eds Bennassar, Roch Minu\u00e9, Maria del Mar Bonet, Jordi Savall, Tom\u00e1s Molina, Saenz de Oiza, Vives Llull&#8230; Dieses Caf\u00e9, dessen Terrasse direkt auf den Hauptplatz geht, ist f\u00fcr Einheimische [&hellip;]<\/p>\n","protected":false},"author":1,"featured_media":0,"parent":0,"menu_order":0,"comment_status":"closed","ping_status":"closed","template":"templates\/pag-gr221.php","meta":{"footnotes":""},"class_list":["post-252","page","type-page","status-publish","hentry"],"_links":{"self":[{"href":"https:\/\/www.pollensahotels.com\/de\/wp-json\/wp\/v2\/pages\/252\/"}],"collection":[{"href":"https:\/\/www.pollensahotels.com\/de\/wp-json\/wp\/v2\/pages\/"}],"about":[{"href":"https:\/\/www.pollensahotels.com\/de\/wp-json\/wp\/v2\/types\/page\/"}],"author":[{"embeddable":true,"href":"https:\/\/www.pollensahotels.com\/de\/wp-json\/wp\/v2\/users\/1\/"}],"replies":[{"embeddable":true,"href":"https:\/\/www.pollensahotels.com\/de\/wp-json\/wp\/v2\/comments\/?post=252"}],"version-history":[{"count":0,"href":"https:\/\/www.pollensahotels.com\/de\/wp-json\/wp\/v2\/pages\/252\/revisions\/"}],"wp:attachment":[{"href":"https:\/\/www.pollensahotels.com\/de\/wp-json\/wp\/v2\/media\/?parent=252"}],"curies":[{"name":"wp","href":"https:\/\/api.w.org\/{rel}","templated":true}]}}

<p><img loading="lazy" decoding="async" src="http://www.pollensahotels.com/wp-content/uploads/2014/10/1907-restaurant-pollenca.jpg" alt="1907 Restaurant Pollença" width="357" height="163" class="alignright size-full wp-image-404" srcset="https://www.pollensahotels.com/wp-content/uploads/2014/10/1907-restaurant-pollenca.jpg 357w, https://www.pollensahotels.com/wp-content/uploads/2014/10/1907-restaurant-pollenca-300x137.jpg 300w" sizes="auto, (max-width: 357px) 100vw, 357px" />In den letzten hundert Jahren haben viele namhafte Gäste in unserem Hotel übernachtet oder sich einfach mit den Einheimischen in unserem beliebten Café aufgehalten: Tito Cittadini, Dionís Bennassar, Roch Minué, Maria del Mar Bonet, Jordi Savall, Tomás Molina, Saenz de Oiza, Vives Llull&#8230;</p>
<p>Dieses Café, dessen Terrasse direkt auf den Hauptplatz geht, ist für Einheimische und Besucher zu einem Symbol der Qualität und des guten Service geworden. Auch Peter Maffay hat Pollensa als seinen Wohnort und den Standort seiner Stiftung (www.petermaffaystiftung.de) gewählt.</p>
<p>Die Stiftung wurde in Pollensa gegründet und setzt sich vor allem dafür ein, traumatisierte Kinder und Jugendliche zu unterstützen. Maffay kann man oft auf dem Hauptplatz von Pollensa sehen, als wäre er auch ein Einheimischer.</p>
<div id='gallery-1' class='gallery galleryid-252 gallery-columns-6 gallery-size-thumbnail'><figure class='gallery-item'>
			<div class='gallery-icon landscape'>
				<a href='https://www.pollensahotels.com/wp-content/uploads/2014/11/restaurant-gr221_05.jpg'><img loading="lazy" decoding="async" width="150" height="150" src="https://www.pollensahotels.com/wp-content/uploads/2014/11/restaurant-gr221_05-150x150.jpg" class="attachment-thumbnail size-thumbnail" alt="" /></a>
			</div></figure><figure class='gallery-item'>
			<div class='gallery-icon portrait'>
				<a href='https://www.pollensahotels.com/wp-content/uploads/2014/11/restaurant-gr221_04.jpg'><img loading="lazy" decoding="async" width="150" height="150" src="https://www.pollensahotels.com/wp-content/uploads/2014/11/restaurant-gr221_04-150x150.jpg" class="attachment-thumbnail size-thumbnail" alt="" /></a>
			</div></figure><figure class='gallery-item'>
			<div class='gallery-icon landscape'>
				<a href='https://www.pollensahotels.com/wp-content/uploads/2014/11/restaurant-gr221_10.jpg'><img loading="lazy" decoding="async" width="150" height="150" src="https://www.pollensahotels.com/wp-content/uploads/2014/11/restaurant-gr221_10-150x150.jpg" class="attachment-thumbnail size-thumbnail" alt="" /></a>
			</div></figure><figure class='gallery-item'>
			<div class='gallery-icon landscape'>
				<a href='https://www.pollensahotels.com/wp-content/uploads/2014/11/restaurant-gr221_06.jpg'><img loading="lazy" decoding="async" width="150" height="150" src="https://www.pollensahotels.com/wp-content/uploads/2014/11/restaurant-gr221_06-150x150.jpg" class="attachment-thumbnail size-thumbnail" alt="" /></a>
			</div></figure><figure class='gallery-item'>
			<div class='gallery-icon landscape'>
				<a href='https://www.pollensahotels.com/wp-content/uploads/2014/11/restaurant-gr221_07.jpg'><img loading="lazy" decoding="async" width="150" height="150" src="https://www.pollensahotels.com/wp-content/uploads/2014/11/restaurant-gr221_07-150x150.jpg" class="attachment-thumbnail size-thumbnail" alt="" /></a>
			</div></figure><figure class='gallery-item'>
			<div class='gallery-icon landscape'>
				<a href='https://www.pollensahotels.com/wp-content/uploads/2014/11/restaurant-gr221_03.jpg'><img loading="lazy" decoding="async" width="150" height="150" src="https://www.pollensahotels.com/wp-content/uploads/2014/11/restaurant-gr221_03-150x150.jpg" class="attachment-thumbnail size-thumbnail" alt="" /></a>
			</div></figure><figure class='gallery-item'>
			<div class='gallery-icon landscape'>
				<a href='https://www.pollensahotels.com/wp-content/uploads/2014/11/restaurant-gr221_02.jpg'><img loading="lazy" decoding="async" width="150" height="150" src="https://www.pollensahotels.com/wp-content/uploads/2014/11/restaurant-gr221_02-150x150.jpg" class="attachment-thumbnail size-thumbnail" alt="" /></a>
			</div></figure><figure class='gallery-item'>
			<div class='gallery-icon landscape'>
				<a href='https://www.pollensahotels.com/wp-content/uploads/2014/11/restaurant-gr221_01.jpg'><img loading="lazy" decoding="async" width="150" height="150" src="https://www.pollensahotels.com/wp-content/uploads/2014/11/restaurant-gr221_01-150x150.jpg" class="attachment-thumbnail size-thumbnail" alt="" /></a>
			</div></figure><figure class='gallery-item'>
			<div class='gallery-icon landscape'>
				<a href='https://www.pollensahotels.com/wp-content/uploads/2014/11/restaurant-gr221_09.jpg'><img loading="lazy" decoding="async" width="150" height="150" src="https://www.pollensahotels.com/wp-content/uploads/2014/11/restaurant-gr221_09-150x150.jpg" class="attachment-thumbnail size-thumbnail" alt="" /></a>
			</div></figure><figure class='gallery-item'>
			<div class='gallery-icon portrait'>
				<a href='https://www.pollensahotels.com/wp-content/uploads/2014/11/restaurant-gr221_08.jpg'><img loading="lazy" decoding="async" width="150" height="150" src="https://www.pollensahotels.com/wp-content/uploads/2014/11/restaurant-gr221_08-150x150.jpg" class="attachment-thumbnail size-thumbnail" alt="" /></a>
			</div></figure>
		</div>

<p>In den letzten hundert Jahren haben viele namhafte Gäste in unserem Hotel übernachtet oder sich einfach mit den Einheimischen in unserem beliebten Café aufgehalten: Tito Cittadini, Dionís Bennassar, Roch Minué, Maria del Mar Bonet, Jordi Savall, Tomás Molina, Saenz de Oiza, Vives Llull&#8230; Dieses Café, dessen Terrasse direkt auf den Hauptplatz geht, ist für Einheimische [&hellip;]</p>
